{"id":25,"date":"2024-10-13T16:11:33","date_gmt":"2024-10-13T14:11:33","guid":{"rendered":"http:\/\/rc-offroad-nordheide.de\/?page_id=25"},"modified":"2025-03-30T20:21:00","modified_gmt":"2025-03-30T18:21:00","slug":"einsteigerinfos","status":"publish","type":"page","link":"https:\/\/rc-offroad-nordheide.de\/index.php\/einsteigerinfos\/","title":{"rendered":"Informationen f\u00fcr Einsteiger"},"content":{"rendered":"\n<p>Hier m\u00f6chten wir allen Interessierten einen Einblick geben, was man mindestens braucht, um in unser Hobby einzusteigen.<br>Leider ist der Einstieg, wie bei anderen Hobbies auch, nicht ganz billig. Wir werden daher nachfolgend versuchen, verschiedene Alternativen aufzuzeigen und auch ein paar Hinweise geben, welche Dinge man vermeiden sollte, wenn man nicht unn\u00f6tig Geld ausgeben m\u00f6chte.<\/p>\n\n\n\n<h2 class=\"wp-block-heading\">Was man mindestens braucht<\/h2>\n\n\n\n<ul class=\"wp-block-list\">\n<li>Das Modell (Elektro-Buggy im Ma\u00dfstab 1:8 oder 1:10) inkl. elektronischer Komponenten<\/li>\n\n\n\n<li>Eine Fernsteuerung (Pistolenfernsteuerung 2,4 GHz)<\/li>\n\n\n\n<li>Einen Akku<\/li>\n\n\n\n<li>Ein zum Akku passendes Ladeger\u00e4t<\/li>\n<\/ul>\n\n\n\n<h2 class=\"wp-block-heading\">Das Modell<\/h2>\n\n\n\n<p>Das teuerste am Einstieg ist sicherlich das Modell. Hier gibt es 3 Strategien, wie man seinen Einstieg gestalten kann:<\/p>\n\n\n\n<h4 class=\"wp-block-heading\">Kauf eines g\u00fcnstigen Einsteigermodells als Bausatz oder Ready-To-Run-Modell<\/h4>\n\n\n\n<p>Dies ist die vermutlich billigste Option, wenn man noch nicht wei\u00df, ob das Hobby das Richtige f\u00fcr einen ist und man auch wirklich l\u00e4nger dabei bleiben wird. Hier wird man vermutlich bei Modellen von den Herstellern Carson und Tamiya landen, die sich in einem Preisbereich von 100 bis 200 EUR bewegen und im Falle von Ready-To-Run-Modellen (RTR) oft auch schon eine Fernbedienung und den Akku beinhalten.<br>Wer sofort loslegen und nicht erst schrauben will, kann hier zum RTR-Modell greifen. Wir empfehlen aber eher den Bausatz, da man beim Zusammenbau sein Modell ganz genau kennenlernt und so, wenn sp\u00e4ter etwas kaputt geht (und das wird es), recht genau wei\u00df, wie man an die betroffene Stelle wieder gut herankommt und das defekte Teil austauschen kann.<\/p>\n\n\n\n<p>Wir m\u00f6chten hier jedoch auch gleich darauf hinweisen, dass g\u00fcnstige Einsteigermodelle auch einige Nachteile mit sich bringen:<\/p>\n\n\n\n<ul class=\"wp-block-list\">\n<li>Sie sind deutlich weniger robust als Wettbewerbsmodelle und werden daher auf unserer Strecke, die ja auch Spr\u00fcnge enth\u00e4lt, wesentlich h\u00e4ufiger kaputt gehen. Man sollte sich vorab \u00fcberlegen, ob dies der richtige Weg ist, denn wenn man schon nach einer halben Stunde wieder nach Hause gehen muss, w\u00e4hrend alle anderen noch fahren, erzeugt das langfristig eher Frust als Freude. Die Konsequenz ist dann, dass man das Hobby entweder aufgibt, oder doch zu einem Wettbewerbsmodell (gebraucht oder neu) wechseln wird.<\/li>\n\n\n\n<li>Diese Modelle sind in der Regel deutlich langsamer unterwegs, als ein Wettbewerbsmodell und die M\u00f6glichkeiten dies durch Tuning (z.B. besserer Motor) zu \u00e4ndern, sind beschr\u00e4nkt oder teilweise auch gar nicht vorhanden.<br>Zwar wird es zu Beginn f\u00fcr einen Anf\u00e4nger eher w\u00fcnschenswert sein, noch nicht so schnell unterwegs zu sein, aber nachdem man die ersten H\u00fcrden genommen hat, m\u00f6chte man doch wenigstens ann\u00e4hernd so schnell wie die anderen unterwegs sein und auch die Spr\u00fcnge so nehmen k\u00f6nnen, wie man es woanders sieht. Wettbewerbsmodelle hingegen kann man am Anfang sehr weit herunterregeln und mit der Zeit den eigenen Fortschritten entsprechend wieder schneller machen.<\/li>\n\n\n\n<li>Insbesondere Ready-To-Run-Modelle haben den Nachteil, dass man zu einem sp\u00e4teren Zeitpunkt erfahrungsgem\u00e4\u00df oft nicht in der Lage sein wird, einzelne Komponenten durch bessere zu ersetzen. Der Vorteil des geringen Einstiegspreises, obwohl schon alle ben\u00f6tigten elektrischen und elektronischen Komponenten wie Fernsteuerung, Empf\u00e4nger, Motor, Fahrtenregler und Lenkservo dabei sind, kommt in der Regel zu dem Preis, dass alle Steuerungskomponenten in einem Modul vereint sind. M\u00f6chte man einen besseren Motor verbauen, geht das m\u00f6glicherweise nicht, weil der vorhandene Fahrtenregler nicht gen\u00fcgend Strom liefern kann. Der Fahrtenregler l\u00e4sst sich aber auch nicht tauschen, da er im selben Modul mit dem Empf\u00e4nger sitzt. Nun m\u00fcsste man also einen neuen Motor, Fahrtenregler und Empf\u00e4nger kaufen. Da die vorhandene Fernbedienung nicht zu dem neuen Empf\u00e4nger passt, muss auch eine neue Fernbedienung her. Und als ob das nicht genug w\u00e4re, kann meist auch das verbaute Lenkservo nicht an einen Standard-Empf\u00e4nger angeschlossen werden, also m\u00fcsste man auch das neu kaufen. So wird aus einer einfachen Motoraufr\u00fcstung ein Komplett-Tausch der Elektronik.<br>Das oben beschriebene Problem haben wir h\u00e4ufig bei Einsteigern erlebt, die vermeintlich g\u00fcnstig Modelle bei den bekannten chinesischen Verkaufsplattformen gekauft haben. Dort kommt dann zus\u00e4tzlich noch hinzu, dass Ersatzteile oft nur aus China mit entsprechenden Lieferzeiten bestellt werden k\u00f6nnen.   <\/li>\n<\/ul>\n\n\n\n<h4 class=\"wp-block-heading\">Kauf eines gebrauchten Wettbewerbsmodells<\/h4>\n\n\n\n<p>Wir k\u00f6nnen f\u00fcr einen g\u00fcnstigen Einstieg in unser Hobby den Kauf eines gebrauchten, nicht zu alten Wettbewerbsmodells durchaus empfehlen.<\/p>\n\n\n\n<p>Im Gegensatz zu den g\u00fcnstigen Einsteigermodellen gibt es f\u00fcr gebrauchte Wettbewerbsmodelle einen Markt, so dass man diese auch wieder verkaufen kann.<\/p>\n\n\n\n<p>Preislich bewegt man sich hier, je nach Umfang und Alter des Gebraucht-Angebots, zwischen dem halben Neupreis und dem Neupreis eines Bausatzes. Bei sehr umfangreichen Angeboten, z.B. wenn jemand das Hobby aufgibt und alles auf einmal verkaufen will, kann der Preis auch oberhalb des neuen Bausatzes liegen, insbesondere wenn sehr viele Ersatzteile und die Elektronik bereits dabei sind.<\/p>\n\n\n\n<p>Die Hersteller von Wettbewerbsmodellen halten Ersatzteile f\u00fcr die Modelle der unterschiedlichen Jahrg\u00e4nge meist viele Jahre verf\u00fcgbar, so dass man in der Regel bedenkenlos zu Modellen greifen kann, die 2 oder 3 Jahre alt sind. Selbst 5 Jahre sind bei der Ersatzteilversorgung meist kein Problem. Zudem ver\u00e4ndern sich die Modelle meist nicht wirklich massiv und viele Teile, die im Vorg\u00e4ngermodell passten, passen auch im Nachfolgermodell noch. F\u00fcr Fahrer, die bei nationalen Meisterschaften teilnehmen, k\u00f6nnen die j\u00e4hrlichen Verbesserungen  wichtig und sogar entscheidend sein, f\u00fcr die meisten von uns besteht die Herausforderung aber im Training der eigenen Fahrk\u00fcnste und dem Anwenden der ohnehin schon reichhaltig vorhandenen Anpassungsm\u00f6glichkeiten dieser Modelle.<\/p>\n\n\n\n<p>Gebrauchte Modelle sind insbesondere im Winter oder zu Beginn der neuen Saison, wenn die Hersteller ihre neuen Modelle auf den Markt bringen, leichter zu bekommen, als mitten in der Saison, also im Sommer. <br>Dies liegt daran, dass Fahrer, die an Wettbewerben teilnehmen, h\u00e4ufig ihr Vorjahresmodell ver\u00e4u\u00dfern, wenn sie es geschafft haben, eines der manchmal zu Saisonauftakt schwer zu bekommenden, aktuellsten Modelle zu beschaffen.<br>Der Vorteil beim Kauf eines solchen Modells ist, dass man ein gut eingestelltes, oft auch mit Tuningteilen versehenes Modell bekommt. Oft werden mit den Modellen auch Komplettr\u00e4der und Ersatzteile angeboten, und &#8211; dass kann man gut oder schlecht finden &#8211; eine lackierte Karosserie ist auch schon dabei, so dass man beim Einstieg nicht auch noch vor dem Problem steht, die Karosserie lackieren zu m\u00fcssen. (Wenn einem die Farbe nicht gef\u00e4llt, kann man auch eine neue Karosserie kaufen und selbst lackieren oder jemand, der das gut kann und gerne macht, lackieren lassen. Unlackierte Karosserien kosten allerdings um die 30-40 EUR, dass sollte man bedenken, wenn man das angebotene Modell vom Design her gar nicht mag.) <br>Was die Bereifung angeht: Es gibt unterschiedliche Hersteller und verschiedene Reifentypen. Es macht Sinn, sich bei uns zu erkundigen, welche Reifen wir kennen und fahren um ggf. einzusch\u00e4tzen, ob eine eventuell gr\u00f6\u00dfere Anzahl von mit dem Modell angebotenen Reifen auf unserer Strecke sinnvoll sind.<\/p>\n\n\n\n<p>Gebrauchte Modelle werden meist als &#8220;Roller&#8221; verkauft. Damit ist dann gemeint, dass das Modell ohne Motor und elektrische Komponenten verkauft wird, also im Grunde genau so, als w\u00fcrde man sich einen neuen Bausatz kaufen, nur halt schon zusammengebaut. Der Grund hierf\u00fcr ist, dass diejenigen, die ein Vorjahresmodell durch das neue ersetzen, die in diesem Fall meist recht teuren elektronischen Komponenten im neuen Modell weiterverwenden wollen.<\/p>\n\n\n\n<p>Um einen &#8220;Roller&#8221; fahrbereit zu bekommen, braucht man also noch:<\/p>\n\n\n\n<ul class=\"wp-block-list\">\n<li>Fernsteuerung und passenden Empf\u00e4nger (beim Kauf einer Fernsteuerung ist normalerweise mindestens ein Empf\u00e4nger dabei)<\/li>\n\n\n\n<li>Fahrtenregler<\/li>\n\n\n\n<li>Motor<\/li>\n\n\n\n<li>Lenkservo<\/li>\n\n\n\n<li>Zum Modell passender Akku <\/li>\n\n\n\n<li>Falls noch nicht vorhanden: Ladeger\u00e4t <\/li>\n<\/ul>\n\n\n\n<p>Wer nicht wei\u00df, wo er die oben genannten Komponenten her bekommen soll, oder welche er kaufen soll, kann sich gerne bei uns Rat holen. Wir erkl\u00e4ren auch gerne, wie man all das miteinander verbindet und k\u00f6nnen beim ersten Einstellen helfen.<br>Bei den elektronischen Komponenten gibt es gro\u00dfe Unterschiede im Preis &#8211; von Low Budget bis High End. Wer erstmal g\u00fcnstig in das Hobby einsteigen m\u00f6chte, kann hier sparen und bei Bedarf sp\u00e4ter aufr\u00fcsten.<br><br><strong>Beispiele:<\/strong><br>Pistolenfernsteuerungen mit Empf\u00e4nger gibt es schon ab ca. 40 EUR. Die funktionieren auch gut und haben die wesentlichen Einstellm\u00f6glichkeiten, die man so braucht. Man kann aber auch 250 EUR (und mehr) f\u00fcr eine richtig gute Fernsteuerung ausgeben, bei der man dann noch viel mehr Einstellm\u00f6glichkeiten und noch bessere Reaktionszeiten hat. Das braucht man aber als Einsteiger noch nicht unbedingt und kann hier sparen.<br><br>Einen Brushless Motor und Fahrtenregler kann man teilweise auch als Combo kaufen. Die gibt&#8217;s ab ca. 50 EUR aufw\u00e4rts und haben grundlegende Einstellm\u00f6glichkeiten. Man kann aber auch High End kaufen: Den Fahrtenregler f\u00fcr ca. 200 EUR und einen passenden High End-Motor f\u00fcr um die 100 EUR. Die sind leistungsf\u00e4higer und haben viel mehr Einstellm\u00f6glichkeiten. Aber auch das braucht man am Anfang noch nicht.  <\/p>\n\n\n\n<p><strong>Zus\u00e4tzliche Hinweise f\u00fcr den Kauf eines gebrauchten Modells:<\/strong><br>Beim Kauf \u00fcber (Ebay-)Kleinanzeigen gilt wie bei allen solchen Angeboten, dass man achtsam vor betr\u00fcgerischen Angeboten sein muss. Wir haben in der Vergangenheit hin und wieder solche Angebote entdeckt und wurden teilweise sogar von Mitgliedern der weiter gefassten Community darauf aufmerksam gemacht, dass Betr\u00fcger ihre Angebote kopiert und neu eingestellt hatten. Hier kann es helfen, mit dem Anbieter in direkten Kontakt zu gehen und z.B. weitere Fotos anzufordern.<br>Auch k\u00f6nnen wir helfen, die Qualit\u00e4t und den Preis des Angebots einzusch\u00e4tzen.<\/p>\n\n\n\n<h4 class=\"wp-block-heading\">Kauf eines neuen Wettbewerbsmodell-Bausatzes<\/h4>\n\n\n\n<p>Baus\u00e4tze f\u00fcr neue Wettbewerbsmodelle sind in den letzten Jahren leider zunehmend teurer geworden. <br>Ein 2WD Buggy im Ma\u00dfstab 1:10 kostet um die 400 EUR.<br>Ein 4WD Buggy im Ma\u00dfstab 1:10 kostet zwischen 500 und 650 EUR.<br>Ein 4WD Buggy im Ma\u00dfstab 1:8 kostet zwischen 600 und 750 EUR.<br><br>Ein solcher Bausatz enth\u00e4lt nur das Modell und keine der elektronischen Komponenten. Man braucht also noch die Fernsteuerung und den Empf\u00e4nger, das Lenkservo, den Fahrtenregler, den Motor und mindestens einen zum Modell passenden Akku.<br>Im Bausatz ebenfalls nicht enthalten sind Reifen, obgleich Felgen in der Regel enthalten sind. Der Grund hierf\u00fcr ist, dass man je nach Strecke sehr unterschiedliche Reifen ben\u00f6tigt und es daher aus Herstellersicht keinen Sinn macht, dem Bausatz Reifen beizulegen. Neben den Reifen braucht man auch noch Schaumgummi-Einlagen.<br>Eine weitere \u00dcberraschung f\u00fcr Einsteiger kann sein, dass dem Bausatz lediglich eine unlackierte Karosserie beiliegt. Nat\u00fcrlich wollen wir auf der Strecke unsere Autos auseinander halten k\u00f6nnen und nicht alle mit der gleichen Farbe herumfahren. Es ist daher notwendig, die Karosserie entweder selbst mit Lexanfarben (von innen) zu lackieren, eine bereits lackierte Karosserie zus\u00e4tzlich zu bestellen (gibt es nicht f\u00fcr jedes Modell), oder das Lackieren jemandem zu \u00fcberlassen, der das gerne macht und auch gut kann. (F\u00fcr letzteres haben wir bei Bedarf auch Kontakte.)<\/p>\n\n\n\n<p>Der Vorteil beim Kauf eines neuen Bausatzes liegt eindeutig darin, dass man das Modell von Grund auf neu aufbaut. Die Anleitungen sind heutzutage sehr gut und wer Lego aufbauen kann, sollte auch mit dem Aufbau eines Wettbewerbsmodells gut klar kommen. Wer nicht so gerne baut, sollte sich dennoch vor Augen f\u00fchren, dass man durch diesen Prozess hinterher ein ganz genaues Verst\u00e4ndnis des Fahrzeugs hat und keine Probleme haben wird, wenn man sp\u00e4ter mal etwas reparieren muss. <\/p>\n\n\n\n<p><\/p>\n","protected":false},"excerpt":{"rendered":"<p>Hier m\u00f6chten wir allen Interessierten einen Einblick geben, was man mindestens braucht, um in unser Hobby einzusteigen.Leider ist der Einstieg, wie bei anderen Hobbies auch, nicht ganz billig. Wir werden daher nachfolgend versuchen, verschiedene Alternativen aufzuzeigen und auch ein paar Hinweise geben, welche Dinge man vermeiden sollte, wenn man nicht unn\u00f6tig Geld ausgeben m\u00f6chte. Was [&hellip;]<\/p>\n","protected":false},"author":1,"featured_media":0,"parent":0,"menu_order":0,"comment_status":"closed","ping_status":"closed","template":"","meta":{"footnotes":""},"class_list":["post-25","page","type-page","status-publish","hentry"],"yoast_head":"<!-- This site is optimized with the Yoast SEO plugin v24.7 - https:\/\/yoast.com\/wordpress\/plugins\/seo\/ -->\r\n<title>Informationen f\u00fcr Einsteiger - RC Offroad Nordheide<\/title>\r\n<meta name=\"description\" content=\"RC Car Einsteiger-Guide: Alles, was du f\u00fcr den Start brauchst! Modelle, Fernsteuerung, Akkus &amp; Kaufberatung \u2013 vermeide teure Fehlk\u00e4ufe!\" \/>\r\n<meta name=\"robots\" content=\"index, follow, max-snippet:-1, max-image-preview:large, max-video-preview:-1\" \/>\r\n<link rel=\"canonical\" href=\"https:\/\/rc-offroad-nordheide.de\/index.php\/einsteigerinfos\/\" \/>\r\n<meta property=\"og:locale\" content=\"en_US\" \/>\r\n<meta property=\"og:type\" content=\"article\" \/>\r\n<meta property=\"og:title\" content=\"Informationen f\u00fcr Einsteiger - RC Offroad Nordheide\" \/>\r\n<meta property=\"og:description\" content=\"RC Car Einsteiger-Guide: Alles, was du f\u00fcr den Start brauchst! Modelle, Fernsteuerung, Akkus &amp; Kaufberatung \u2013 vermeide teure Fehlk\u00e4ufe!\" \/>\r\n<meta property=\"og:url\" content=\"https:\/\/rc-offroad-nordheide.de\/index.php\/einsteigerinfos\/\" \/>\r\n<meta property=\"og:site_name\" content=\"RC Offroad Nordheide\" \/>\r\n<meta property=\"article:publisher\" content=\"https:\/\/www.facebook.com\/groups\/558192685001530\/\" \/>\r\n<meta property=\"article:modified_time\" content=\"2025-03-30T18:21:00+00:00\" \/>\r\n<meta name=\"twitter:card\" content=\"summary_large_image\" \/>\r\n<meta name=\"twitter:label1\" content=\"Est. reading time\" \/>\n\t<meta name=\"twitter:data1\" content=\"8 minutes\" \/>\r\n<script type=\"application\/ld+json\" class=\"yoast-schema-graph\">{\"@context\":\"https:\/\/schema.org\",\"@graph\":[{\"@type\":\"WebPage\",\"@id\":\"https:\/\/rc-offroad-nordheide.de\/index.php\/einsteigerinfos\/\",\"url\":\"https:\/\/rc-offroad-nordheide.de\/index.php\/einsteigerinfos\/\",\"name\":\"Informationen f\u00fcr Einsteiger - RC Offroad Nordheide\",\"isPartOf\":{\"@id\":\"https:\/\/rc-offroad-nordheide.de\/#website\"},\"datePublished\":\"2024-10-13T14:11:33+00:00\",\"dateModified\":\"2025-03-30T18:21:00+00:00\",\"description\":\"RC Car Einsteiger-Guide: Alles, was du f\u00fcr den Start brauchst! Modelle, Fernsteuerung, Akkus & Kaufberatung \u2013 vermeide teure Fehlk\u00e4ufe!\",\"breadcrumb\":{\"@id\":\"https:\/\/rc-offroad-nordheide.de\/index.php\/einsteigerinfos\/#breadcrumb\"},\"inLanguage\":\"en-US\",\"potentialAction\":[{\"@type\":\"ReadAction\",\"target\":[\"https:\/\/rc-offroad-nordheide.de\/index.php\/einsteigerinfos\/\"]}]},{\"@type\":\"BreadcrumbList\",\"@id\":\"https:\/\/rc-offroad-nordheide.de\/index.php\/einsteigerinfos\/#breadcrumb\",\"itemListElement\":[{\"@type\":\"ListItem\",\"position\":1,\"name\":\"Home\",\"item\":\"https:\/\/rc-offroad-nordheide.de\/\"},{\"@type\":\"ListItem\",\"position\":2,\"name\":\"Informationen f\u00fcr Einsteiger\"}]},{\"@type\":\"WebSite\",\"@id\":\"https:\/\/rc-offroad-nordheide.de\/#website\",\"url\":\"https:\/\/rc-offroad-nordheide.de\/\",\"name\":\"RC Offroad Nordheide\",\"description\":\"Fahrspa\u00df f\u00fcr 1:8 und 1:10 Offroad-Buggies\",\"publisher\":{\"@id\":\"https:\/\/rc-offroad-nordheide.de\/#organization\"},\"potentialAction\":[{\"@type\":\"SearchAction\",\"target\":{\"@type\":\"EntryPoint\",\"urlTemplate\":\"https:\/\/rc-offroad-nordheide.de\/?s={search_term_string}\"},\"query-input\":{\"@type\":\"PropertyValueSpecification\",\"valueRequired\":true,\"valueName\":\"search_term_string\"}}],\"inLanguage\":\"en-US\"},{\"@type\":\"Organization\",\"@id\":\"https:\/\/rc-offroad-nordheide.de\/#organization\",\"name\":\"RC Offroad Nordheide\",\"url\":\"https:\/\/rc-offroad-nordheide.de\/\",\"logo\":{\"@type\":\"ImageObject\",\"inLanguage\":\"en-US\",\"@id\":\"https:\/\/rc-offroad-nordheide.de\/#\/schema\/logo\/image\/\",\"url\":\"https:\/\/rc-offroad-nordheide.de\/wp-content\/uploads\/2024\/10\/Logo_frei.png\",\"contentUrl\":\"https:\/\/rc-offroad-nordheide.de\/wp-content\/uploads\/2024\/10\/Logo_frei.png\",\"width\":1058,\"height\":503,\"caption\":\"RC Offroad Nordheide\"},\"image\":{\"@id\":\"https:\/\/rc-offroad-nordheide.de\/#\/schema\/logo\/image\/\"},\"sameAs\":[\"https:\/\/www.facebook.com\/groups\/558192685001530\/\",\"https:\/\/chat.whatsapp.com\/JzU7EAT6xha4eBo6nEtte0\"]}]}<\/script>\r\n<!-- \/ Yoast SEO plugin. -->","yoast_head_json":{"title":"Informationen f\u00fcr Einsteiger - RC Offroad Nordheide","description":"RC Car Einsteiger-Guide: Alles, was du f\u00fcr den Start brauchst! Modelle, Fernsteuerung, Akkus & Kaufberatung \u2013 vermeide teure Fehlk\u00e4ufe!","robots":{"index":"index","follow":"follow","max-snippet":"max-snippet:-1","max-image-preview":"max-image-preview:large","max-video-preview":"max-video-preview:-1"},"canonical":"https:\/\/rc-offroad-nordheide.de\/index.php\/einsteigerinfos\/","og_locale":"en_US","og_type":"article","og_title":"Informationen f\u00fcr Einsteiger - RC Offroad Nordheide","og_description":"RC Car Einsteiger-Guide: Alles, was du f\u00fcr den Start brauchst! Modelle, Fernsteuerung, Akkus & Kaufberatung \u2013 vermeide teure Fehlk\u00e4ufe!","og_url":"https:\/\/rc-offroad-nordheide.de\/index.php\/einsteigerinfos\/","og_site_name":"RC Offroad Nordheide","article_publisher":"https:\/\/www.facebook.com\/groups\/558192685001530\/","article_modified_time":"2025-03-30T18:21:00+00:00","twitter_card":"summary_large_image","twitter_misc":{"Est. reading time":"8 minutes"},"schema":{"@context":"https:\/\/schema.org","@graph":[{"@type":"WebPage","@id":"https:\/\/rc-offroad-nordheide.de\/index.php\/einsteigerinfos\/","url":"https:\/\/rc-offroad-nordheide.de\/index.php\/einsteigerinfos\/","name":"Informationen f\u00fcr Einsteiger - RC Offroad Nordheide","isPartOf":{"@id":"https:\/\/rc-offroad-nordheide.de\/#website"},"datePublished":"2024-10-13T14:11:33+00:00","dateModified":"2025-03-30T18:21:00+00:00","description":"RC Car Einsteiger-Guide: Alles, was du f\u00fcr den Start brauchst! Modelle, Fernsteuerung, Akkus & Kaufberatung \u2013 vermeide teure Fehlk\u00e4ufe!","breadcrumb":{"@id":"https:\/\/rc-offroad-nordheide.de\/index.php\/einsteigerinfos\/#breadcrumb"},"inLanguage":"en-US","potentialAction":[{"@type":"ReadAction","target":["https:\/\/rc-offroad-nordheide.de\/index.php\/einsteigerinfos\/"]}]},{"@type":"BreadcrumbList","@id":"https:\/\/rc-offroad-nordheide.de\/index.php\/einsteigerinfos\/#breadcrumb","itemListElement":[{"@type":"ListItem","position":1,"name":"Home","item":"https:\/\/rc-offroad-nordheide.de\/"},{"@type":"ListItem","position":2,"name":"Informationen f\u00fcr Einsteiger"}]},{"@type":"WebSite","@id":"https:\/\/rc-offroad-nordheide.de\/#website","url":"https:\/\/rc-offroad-nordheide.de\/","name":"RC Offroad Nordheide","description":"Fahrspa\u00df f\u00fcr 1:8 und 1:10 Offroad-Buggies","publisher":{"@id":"https:\/\/rc-offroad-nordheide.de\/#organization"},"potentialAction":[{"@type":"SearchAction","target":{"@type":"EntryPoint","urlTemplate":"https:\/\/rc-offroad-nordheide.de\/?s={search_term_string}"},"query-input":{"@type":"PropertyValueSpecification","valueRequired":true,"valueName":"search_term_string"}}],"inLanguage":"en-US"},{"@type":"Organization","@id":"https:\/\/rc-offroad-nordheide.de\/#organization","name":"RC Offroad Nordheide","url":"https:\/\/rc-offroad-nordheide.de\/","logo":{"@type":"ImageObject","inLanguage":"en-US","@id":"https:\/\/rc-offroad-nordheide.de\/#\/schema\/logo\/image\/","url":"https:\/\/rc-offroad-nordheide.de\/wp-content\/uploads\/2024\/10\/Logo_frei.png","contentUrl":"https:\/\/rc-offroad-nordheide.de\/wp-content\/uploads\/2024\/10\/Logo_frei.png","width":1058,"height":503,"caption":"RC Offroad Nordheide"},"image":{"@id":"https:\/\/rc-offroad-nordheide.de\/#\/schema\/logo\/image\/"},"sameAs":["https:\/\/www.facebook.com\/groups\/558192685001530\/","https:\/\/chat.whatsapp.com\/JzU7EAT6xha4eBo6nEtte0"]}]}},"_links":{"self":[{"href":"https:\/\/rc-offroad-nordheide.de\/index.php\/wp-json\/wp\/v2\/pages\/25"}],"collection":[{"href":"https:\/\/rc-offroad-nordheide.de\/index.php\/wp-json\/wp\/v2\/pages"}],"about":[{"href":"https:\/\/rc-offroad-nordheide.de\/index.php\/wp-json\/wp\/v2\/types\/page"}],"author":[{"embeddable":true,"href":"https:\/\/rc-offroad-nordheide.de\/index.php\/wp-json\/wp\/v2\/users\/1"}],"replies":[{"embeddable":true,"href":"https:\/\/rc-offroad-nordheide.de\/index.php\/wp-json\/wp\/v2\/comments?post=25"}],"version-history":[{"count":2,"href":"https:\/\/rc-offroad-nordheide.de\/index.php\/wp-json\/wp\/v2\/pages\/25\/revisions"}],"predecessor-version":[{"id":27,"href":"https:\/\/rc-offroad-nordheide.de\/index.php\/wp-json\/wp\/v2\/pages\/25\/revisions\/27"}],"wp:attachment":[{"href":"https:\/\/rc-offroad-nordheide.de\/index.php\/wp-json\/wp\/v2\/media?parent=25"}],"curies":[{"name":"wp","href":"https:\/\/api.w.org\/{rel}","templated":true}]}}